{"id":34,"date":"2017-04-21T23:39:27","date_gmt":"2017-04-21T23:39:27","guid":{"rendered":"http:\/\/preview.sandrawilhelms.de\/?page_id=34"},"modified":"2025-11-23T12:43:54","modified_gmt":"2025-11-23T12:43:54","slug":"profil","status":"publish","type":"page","link":"https:\/\/www.sandrawilhelms.de\/?page_id=34","title":{"rendered":"ABOUT"},"content":{"rendered":"\n<p>Eine gro\u00dfe Liebe zum warmen, erdigen <strong>Gitarrenklang<\/strong> und ein perlender, klarer Sound zeichnen mein Gitarrenspiel aus.<\/p>\n\n\n\n<p>Offen f\u00fcr die reichen Einfl\u00fcsse um mich herum verbinden sich in meiner Musik meine klassischen Wurzeln mit dem breiten Feld der akustischen Musik.<\/p>\n\n\n\n<p>Das Herzst\u00fcck meiner Musik ist das gemeinsame Musizieren mit anderen Menschen, feste Duo- und Trioprojekte, in denen wir mit besonderen Klangfarben, Herz und Anmut in eine musikalische Verbindung treten.<\/p>\n\n\n\n<p>Au\u00dferdem unterrichte ich akustische Gitarre und Ukulele bei DORTMUND MUSIK. Wichtig ist mir dabei, die Freude am Musizieren zu f\u00f6rdern und das gemeinsame Musizieren zu st\u00e4rken, aber auch das Begleiten der musikalischen Entwicklung mit den individuellen Interessen und W\u00fcnschen und das Vermitteln von musikalischem Wissen, um eine fundierte Basis und ein gutes Verst\u00e4ndnis der musikalischen Zusammenh\u00e4nge zu erlangen. Von Bedeutung ist mir auch die zwischenmenschliche Verbindung, die \u00fcber die Musik entsteht.<\/p>\n\n\n\n<p><\/p>\n\n\n\n<p>Daneben habe ich in den letzten Jahren meine Liebe zum <strong>Kundalini Yoga<\/strong> entdeckt und lerne und unterrichte diesen Yogastil mit gro\u00dfer Freude.<\/p>\n\n\n\n<p>Ich bin durch R\u00fcckenschmerzen eher zuf\u00e4llig zum Yoga gekommen. Mit der Zeit wurden aber nicht nur meine R\u00fcckenbeschwerden besser, sondern ich begann mich insgesamt ges\u00fcnder zu f\u00fchlen und mich immer tiefer mit Yoga zu besch\u00e4ftigen. Ich habe einige Yogastile ausprobiert, bin mit meinem Herzen aber schlie\u00dflich im Kundaliniyoga angekommen und f\u00fchle mich dort zu Hause. <\/p>\n\n\n\n<p>Es ist eine sanfte, aber dennoch kraftvolle Yogapraxis, die ganzheitlich auf K\u00f6rper, Geist und Seele wirkt und mir im Alltag hilft, mich k\u00f6rperlich und mental immer wieder neu zu erden, auszurichten und immer wieder mehr zur inneren Ruhe zu finden. Ich unterrichte ein bodenst\u00e4ndiges, undogmatisches Kundaliniyoga und lasse auch andere Richtungen mit einflie\u00dfen, um eine gesundheitsf\u00f6rdernde und freudvolle Bewegungspraxis zu f\u00f6rdern. Es geht um das Sp\u00fcren und innere Ausrichten und um einen liebevolle Haltung in den \u00dcbungen.<\/p>\n\n\n\n<p>Deshalb habe ich zus\u00e4tzlich eine Pilates-Ausbildung mit dem Fokus auf eine gesunde, stabilisierende und st\u00e4rkende K\u00f6rperausrichtung absolviert, um meine Yogapraxis sinnvoll erg\u00e4nzen zu k\u00f6nnen.<\/p>\n\n\n\n<p>Mit dem Yoga kam auch der <strong>Ayurveda<\/strong> in mein Leben, dessen uralte und doch moderne Weisheiten mich immer tiefer ber\u00fchren und eine gro\u00dfe Bereicherung f\u00fcr mich geworden sind. Der Ayurveda ist eine Lebenseinstellung, die unsere Lebensqualit\u00e4t erheblich verbessern kann durch einfache und sinnvolle Anpassungen in der Ern\u00e4hrung und im Lebensstil.<\/p>\n\n\n\n<p>Ayurveda ist wie eine Landkarte zu uns selbst, die uns lehrt, durch ein immer feineres Gesp\u00fcr f\u00fcr unsere Gesundheit zu sorgen. Ayurveda hilft uns, uns immer wieder neu auszubalancieren und unseren Alltag immer feiner anzupassen an unsere pers\u00f6nlichen Bed\u00fcrfnisse und Lebensumst\u00e4nde, undogmatisch und mit Lebensfreude.<\/p>\n\n\n\n<p>In meinen Ausbildungen habe ich gemerkt, wie gerne ich dieses Wissen mit anderen Menschen teile und wie sch\u00f6n es ist, sich dazu in einer netten, liebevollen Gemeinschaft auszutauschen. Deshalb biete ich neben den Yogakursen auch Ayurveda-Workshops an, in denen es um gesundheitsf\u00f6rdernde Themen geht, die wir in unserem Alltag anwenden k\u00f6nnen.<\/p>\n\n\n\n<p><\/p>\n\n\n\n<p><\/p>\n\n\n\n<p><strong>2024-2025<\/strong><\/p>\n\n\n\n<p>Zertifizierte POLESTAR Pilates-Mattentrainerin<\/p>\n\n\n\n<p><strong>2024<\/strong><\/p>\n\n\n\n<p>Zertifizierter Ayurveda Gesundheitscoach, Ayurveda Campus<\/p>\n\n\n\n<p>Zertifizierte Ayurveda Phytotherapie Beraterin, Ayurveda Campus<\/p>\n\n\n\n<p><strong>2023 bis 2025<\/strong><\/p>\n\n\n\n<p>Zertifizierte Ayurveda &#8211; Therapeutin (umfasst Ern\u00e4hrung, Lebensf\u00fchrung, Phytotherapie, Diagnostik und ayurvedische Psychologie) am Ayurveda Campus<\/p>\n\n\n\n<p><strong>2023\/2024<\/strong><\/p>\n\n\n\n<p>Zertifizierte Weiterbildung &#8222;Ayurveda und Frauengesundheit&#8220; bei Laura Kr\u00fcger<\/p>\n\n\n\n<p><strong>2023<\/strong><\/p>\n\n\n\n<p>Zertifizierte Psychologische Ayurveda Beraterin, Ayurveda Campus<\/p>\n\n\n\n<p>Zertifizierter Ayurveda Ern\u00e4hrungscoach, Ayurveda Campus<\/p>\n\n\n\n<p><strong>2022-2024<\/strong><\/p>\n\n\n\n<p>Zertifizierte Kundalini Yoga Lehrerin nach Yogi Bhajan, Stufe 2, KRI (500 Stunden)<\/p>\n\n\n\n<p><strong>2022-2023<\/strong><\/p>\n\n\n\n<p>Zertifizierter Ganzheitlicher Ayurveda Ern\u00e4hrungscoach bei Dania Schumann<\/p>\n\n\n\n<p><strong>2020-2021<\/strong><\/p>\n\n\n\n<p>Zertifizierte Lehrerin f\u00fcr Kundalini Yoga nach Yogi Bhajan, Stufe 1, KRI, IKYTA, 3ho<\/p>\n\n\n\n<p><strong>seit 2020<\/strong><\/p>\n\n\n\n<p>Fortbildungen Yin Yoga bei Stefanie Arend<\/p>\n\n\n\n<p><strong>2019\/2020<\/strong><\/p>\n\n\n\n<p>200h-Vinyasa Yoga Teacher Training bei Cool Yoga Dortmund<\/p>\n\n\n\n<p><\/p>\n\n\n\n<p><strong>seit 2006<\/strong> <\/p>\n\n\n\n<p>Feste kammermusikalische Formationen und Mitwirkung in vielf\u00e4ltigen tempor\u00e4ren Projekten<\/p>\n\n\n\n<p>CD-Aufnahmen: <\/p>\n\n\n\n<p>Duo Aciano: DOS! und Luz y Sombra<\/p>\n\n\n\n<p>Parhelia-Quartett: Sounding Landscapes<\/p>\n\n\n\n<p>Duo Soleil Levant: Impresions de Paris et de l\u00b4Amerique du Sud&nbsp; <\/p>\n\n\n\n<p>Solo: Fairyland<\/p>\n\n\n\n<p><strong>seit 2006<\/strong><\/p>\n\n\n\n<p>Gitarrenlehrerin an der Musikschule Dortmund, jetzt DORTMUND MUSIK<\/p>\n\n\n\n<p><strong>2006-2007<\/strong><\/p>\n\n\n\n<p>Lemmensinstituut \/ Hogeschool voor Wetenschap &amp; Kunst, Br\u00fcssel, Belgien<\/p>\n\n\n\n<p>Master of Music, Hauptfach Kammermusik bei Christel Kessels, Godelieve Monden und Paul Beelaerts<\/p>\n\n\n\n<p><strong>2003-2006<\/strong><\/p>\n\n\n\n<p>Lemmensinstituut \/ Hogeschool voor Wetenschap &amp; Kunst, Br\u00fcssel, Belgien<\/p>\n\n\n\n<p>Bachelor of Music, Hauptfach Konzertgitarre bei Raphaella Smits<\/p>\n\n\n\n<p>Master of Music, Hauptfach Konzertgitarre bei Raphaella Smits<\/p>\n\n\n\n<p><strong>seit 2000<\/strong><\/p>\n\n\n\n<p>Meisterkurse u. a. bei Roland Dyens, Hubert K\u00e4ppel, Thomas M\u00fcller-Pering, Gerhard Reichenbach, Dale Kavanagh, Alexander Swete, Johan Fostier<\/p>\n\n\n\n<p><strong>1999-2003<\/strong><\/p>\n\n\n\n<p>Musikhochschule Detmold, Abteilung Dortmund, Diplom-Instrumentalp\u00e4dagogik mit dem Hauptfach Konzertgitarre bei Frank Gerstmeier<\/p>\n\n\n\n<p><\/p>\n\n\n\n<p><strong>Referenzen<\/strong><\/p>\n\n\n\n<p>East West European Jazz Orchestra im Rahmen der Ruhr 2010-Konzerte, Er\u00f6ffnung der RUHR 2010 in der Bochumer Zeche sowie Verabschiedungsfeier der RUHR 2010 im Dortmunder U, Vertretung des Ausw\u00e4rtigen Amtes auf dem \u201eMusic on Water\u201c &#8211; Festival in Istanbul im Rahmen der RUHR 2010, Bochumer Salonorchester \/ Chorakademie Dortmund: Auff\u00fchrungen der Kinderoper \u201eBrundib\u00e1r\u201c, Weihnachtskonzerte der Neuen Philharmonie Westfalen 2013 und 2016, Literaturabende mit der Schauspielerin Marina Mathias, der Schauspielerin Silvia Munz\u00f3n Lop\u00e9z, der Schauspielerin Ute Maria Lerner, M\u00e4rchenprojekte, Filmmusik, Studioaufnahmen, Kinderkonzerte,\u2026<\/p>\n\n\n\n<p><\/p>\n\n\n\n<p>Akku, Abstatt, Ausw\u00e4rtiges Amt: &#8222;Europe on Water&#8220; &#8211; Festival, Istanbul, Arnold-Freymuth-Gesellschaft e. V., \u201eAutonome Musical de N\u00eemes\u201c, Frankreich, Birschelm\u00fchle, Hattingen, Bochumer Kulturrat, Chorakademie Dortmund, DEW21, Domicil, Dortmund, Dortmunder DEW21 Museumsnacht, Dortmunder Mommenta, Drahtsaitenakt Barendorf, Dt.-Finn.-Gesellschaft Bochum-Witten, Dt.-Finn.-Gesellschaft NRW, Dunavska Saletla-Festival in Novi Sad\/ Serbien, D\u00fcsseldorfer Tanzhaus, mit Mechthild Gro\u00dfmann, Emil-Schumacher-Museum, Hagen, Er\u00f6ffnung der RUHR2010 zusammen mit dem East West European Jazz Orchestra in Essen, Evangelische Jakobuskirche Breckerfeld, Fachhochschule S\u00fcdwestfalen, FEZ, Witten, Friedensfest der Stadt Dortmund, Gemeinschaftskrankenhaus Herdecke, Gitarrenmusik im Torhaus, Dortmund, Gustav-L\u00fcbke-Museum, Hamm, Haus Opherdicke, Holzwickede, Haus Witten, Witten, Hellweg Festival Hamm, Industrieclub Dortmund, Jazzfestival Hamm, Jazz im Stadion, Dortmund, Kammermusik auf dem Dinkelberg, Katholische Kirche Schalksm\u00fchle, Kirche Wiblingwerde, Klangvokal, Dortmund, Klassiksommer Hamm, Konzerthaus, Dortmund, Krimidinner mit Gabriella Wollenhaupt im RWE-Tower, Dortmund, Kultursommer Arnsberg, Kultursommer Witten, K\u00fcnstlerzeche Fritz, Literaturfestival Rheinlesen, K\u00f6ln, Literaturkonzert mit Fritz Eckenga, Musik im Amtshaus, Dortmund, Musik im Revier, Gelsenkirchen, musik:landschaft westfalen, m:ut Symposium, Neue Philharmonie Westfalen, OLG Hamm, Pauluskirche, Dortmund, Rotary-Club, Ruhrfestspielhaus, Recklinghausen, Salonorchester Bochum, Stadt Bergkamen, Stadt Dortmund, Stadt Hamm, Stadt Kamen, Stadthalle Unna, Stadtkirche Elbersfeld, Wuppertal, Stadtmuseum Bergkamen, Soundstation, Bahnhof K\u00f6ln, Tangofestival &#8222;Tango de la Luna&#8220;, Tango-Festivalito Flottmannhallen, Herne, Tangosalon Herne, Theater Krefeld, Theater Marl, Umrahmung Robert-Jacobsen-Kunstpreis, W\u00fcrthstiftung Berlin, Universit\u00e4t M\u00fcnster, Verabschiedung der RUHR2010 im Dortmunder &#8222;U&#8220;, Verleihung des Dortmunder Wirtschaftspreises, Zeche Nachtigall Witten, Zeche Zollern, Dortmund, Zeltfestival, Borken<\/p>\n\n\n\n<p>&nbsp;<\/p>\n","protected":false},"excerpt":{"rendered":"<p>Eine gro\u00dfe Liebe zum warmen, erdigen Gitarrenklang und ein perlender, klarer Sound zeichnen mein Gitarrenspiel aus. Offen f\u00fcr die reichen Einfl\u00fcsse um mich herum verbinden sich in meiner Musik meine klassischen Wurzeln mit dem breiten Feld der akustischen Musik. Das Herzst\u00fcck meiner Musik ist das gemeinsame Musizieren mit anderen Menschen, feste Duo- und Trioprojekte, in &hellip; <a href=\"https:\/\/www.sandrawilhelms.de\/?page_id=34\" class=\"more-link\"><span class=\"screen-reader-text\">ABOUT<\/span> weiterlesen<\/a><\/p>\n","protected":false},"author":1,"featured_media":0,"parent":42,"menu_order":0,"comment_status":"closed","ping_status":"closed","template":"page-templates\/New-Template4_page.php","meta":{"footnotes":""},"class_list":["post-34","page","type-page","status-publish","hentry"],"_links":{"self":[{"href":"https:\/\/www.sandrawilhelms.de\/index.php?rest_route=\/wp\/v2\/pages\/34","targetHints":{"allow":["GET"]}}],"collection":[{"href":"https:\/\/www.sandrawilhelms.de\/index.php?rest_route=\/wp\/v2\/pages"}],"about":[{"href":"https:\/\/www.sandrawilhelms.de\/index.php?rest_route=\/wp\/v2\/types\/page"}],"author":[{"embeddable":true,"href":"https:\/\/www.sandrawilhelms.de\/index.php?rest_route=\/wp\/v2\/users\/1"}],"replies":[{"embeddable":true,"href":"https:\/\/www.sandrawilhelms.de\/index.php?rest_route=%2Fwp%2Fv2%2Fcomments&post=34"}],"version-history":[{"count":52,"href":"https:\/\/www.sandrawilhelms.de\/index.php?rest_route=\/wp\/v2\/pages\/34\/revisions"}],"predecessor-version":[{"id":1313,"href":"https:\/\/www.sandrawilhelms.de\/index.php?rest_route=\/wp\/v2\/pages\/34\/revisions\/1313"}],"up":[{"embeddable":true,"href":"https:\/\/www.sandrawilhelms.de\/index.php?rest_route=\/wp\/v2\/pages\/42"}],"wp:attachment":[{"href":"https:\/\/www.sandrawilhelms.de\/index.php?rest_route=%2Fwp%2Fv2%2Fmedia&parent=34"}],"curies":[{"name":"wp","href":"https:\/\/api.w.org\/{rel}","templated":true}]}}

<p>Eine große Liebe zum warmen, erdigen <strong>Gitarrenklang</strong> und ein perlender, klarer Sound zeichnen mein Gitarrenspiel aus.</p>



<p>Offen für die reichen Einflüsse um mich herum verbinden sich in meiner Musik meine klassischen Wurzeln mit dem breiten Feld der akustischen Musik.</p>



<p>Das Herzstück meiner Musik ist das gemeinsame Musizieren mit anderen Menschen, feste Duo- und Trioprojekte, in denen wir mit besonderen Klangfarben, Herz und Anmut in eine musikalische Verbindung treten.</p>



<p>Außerdem unterrichte ich akustische Gitarre und Ukulele bei DORTMUND MUSIK. Wichtig ist mir dabei, die Freude am Musizieren zu fördern und das gemeinsame Musizieren zu stärken, aber auch das Begleiten der musikalischen Entwicklung mit den individuellen Interessen und Wünschen und das Vermitteln von musikalischem Wissen, um eine fundierte Basis und ein gutes Verständnis der musikalischen Zusammenhänge zu erlangen. Von Bedeutung ist mir auch die zwischenmenschliche Verbindung, die über die Musik entsteht.</p>



<p></p>



<p>Daneben habe ich in den letzten Jahren meine Liebe zum <strong>Kundalini Yoga</strong> entdeckt und lerne und unterrichte diesen Yogastil mit großer Freude.</p>



<p>Ich bin durch Rückenschmerzen eher zufällig zum Yoga gekommen. Mit der Zeit wurden aber nicht nur meine Rückenbeschwerden besser, sondern ich begann mich insgesamt gesünder zu fühlen und mich immer tiefer mit Yoga zu beschäftigen. Ich habe einige Yogastile ausprobiert, bin mit meinem Herzen aber schließlich im Kundaliniyoga angekommen und fühle mich dort zu Hause. </p>



<p>Es ist eine sanfte, aber dennoch kraftvolle Yogapraxis, die ganzheitlich auf Körper, Geist und Seele wirkt und mir im Alltag hilft, mich körperlich und mental immer wieder neu zu erden, auszurichten und immer wieder mehr zur inneren Ruhe zu finden. Ich unterrichte ein bodenständiges, undogmatisches Kundaliniyoga und lasse auch andere Richtungen mit einfließen, um eine gesundheitsfördernde und freudvolle Bewegungspraxis zu fördern. Es geht um das Spüren und innere Ausrichten und um einen liebevolle Haltung in den Übungen.</p>



<p>Deshalb habe ich zusätzlich eine Pilates-Ausbildung mit dem Fokus auf eine gesunde, stabilisierende und stärkende Körperausrichtung absolviert, um meine Yogapraxis sinnvoll ergänzen zu können.</p>



<p>Mit dem Yoga kam auch der <strong>Ayurveda</strong> in mein Leben, dessen uralte und doch moderne Weisheiten mich immer tiefer berühren und eine große Bereicherung für mich geworden sind. Der Ayurveda ist eine Lebenseinstellung, die unsere Lebensqualität erheblich verbessern kann durch einfache und sinnvolle Anpassungen in der Ernährung und im Lebensstil.</p>



<p>Ayurveda ist wie eine Landkarte zu uns selbst, die uns lehrt, durch ein immer feineres Gespür für unsere Gesundheit zu sorgen. Ayurveda hilft uns, uns immer wieder neu auszubalancieren und unseren Alltag immer feiner anzupassen an unsere persönlichen Bedürfnisse und Lebensumstände, undogmatisch und mit Lebensfreude.</p>



<p>In meinen Ausbildungen habe ich gemerkt, wie gerne ich dieses Wissen mit anderen Menschen teile und wie schön es ist, sich dazu in einer netten, liebevollen Gemeinschaft auszutauschen. Deshalb biete ich neben den Yogakursen auch Ayurveda-Workshops an, in denen es um gesundheitsfördernde Themen geht, die wir in unserem Alltag anwenden können.</p>



<p></p>



<p></p>



<p><strong>2024-2025</strong></p>



<p>Zertifizierte POLESTAR Pilates-Mattentrainerin</p>



<p><strong>2024</strong></p>



<p>Zertifizierter Ayurveda Gesundheitscoach, Ayurveda Campus</p>



<p>Zertifizierte Ayurveda Phytotherapie Beraterin, Ayurveda Campus</p>



<p><strong>2023 bis 2025</strong></p>



<p>Zertifizierte Ayurveda &#8211; Therapeutin (umfasst Ernährung, Lebensführung, Phytotherapie, Diagnostik und ayurvedische Psychologie) am Ayurveda Campus</p>



<p><strong>2023/2024</strong></p>



<p>Zertifizierte Weiterbildung &#8222;Ayurveda und Frauengesundheit&#8220; bei Laura Krüger</p>



<p><strong>2023</strong></p>



<p>Zertifizierte Psychologische Ayurveda Beraterin, Ayurveda Campus</p>



<p>Zertifizierter Ayurveda Ernährungscoach, Ayurveda Campus</p>



<p><strong>2022-2024</strong></p>



<p>Zertifizierte Kundalini Yoga Lehrerin nach Yogi Bhajan, Stufe 2, KRI (500 Stunden)</p>



<p><strong>2022-2023</strong></p>



<p>Zertifizierter Ganzheitlicher Ayurveda Ernährungscoach bei Dania Schumann</p>



<p><strong>2020-2021</strong></p>



<p>Zertifizierte Lehrerin für Kundalini Yoga nach Yogi Bhajan, Stufe 1, KRI, IKYTA, 3ho</p>



<p><strong>seit 2020</strong></p>



<p>Fortbildungen Yin Yoga bei Stefanie Arend</p>



<p><strong>2019/2020</strong></p>



<p>200h-Vinyasa Yoga Teacher Training bei Cool Yoga Dortmund</p>



<p></p>



<p><strong>seit 2006</strong> </p>



<p>Feste kammermusikalische Formationen und Mitwirkung in vielfältigen temporären Projekten</p>



<p>CD-Aufnahmen: </p>



<p>Duo Aciano: DOS! und Luz y Sombra</p>



<p>Parhelia-Quartett: Sounding Landscapes</p>



<p>Duo Soleil Levant: Impresions de Paris et de l´Amerique du Sud&nbsp; </p>



<p>Solo: Fairyland</p>



<p><strong>seit 2006</strong></p>



<p>Gitarrenlehrerin an der Musikschule Dortmund, jetzt DORTMUND MUSIK</p>



<p><strong>2006-2007</strong></p>



<p>Lemmensinstituut / Hogeschool voor Wetenschap &amp; Kunst, Brüssel, Belgien</p>



<p>Master of Music, Hauptfach Kammermusik bei Christel Kessels, Godelieve Monden und Paul Beelaerts</p>



<p><strong>2003-2006</strong></p>



<p>Lemmensinstituut / Hogeschool voor Wetenschap &amp; Kunst, Brüssel, Belgien</p>



<p>Bachelor of Music, Hauptfach Konzertgitarre bei Raphaella Smits</p>



<p>Master of Music, Hauptfach Konzertgitarre bei Raphaella Smits</p>



<p><strong>seit 2000</strong></p>



<p>Meisterkurse u. a. bei Roland Dyens, Hubert Käppel, Thomas Müller-Pering, Gerhard Reichenbach, Dale Kavanagh, Alexander Swete, Johan Fostier</p>



<p><strong>1999-2003</strong></p>



<p>Musikhochschule Detmold, Abteilung Dortmund, Diplom-Instrumentalpädagogik mit dem Hauptfach Konzertgitarre bei Frank Gerstmeier</p>



<p></p>



<p><strong>Referenzen</strong></p>



<p>East West European Jazz Orchestra im Rahmen der Ruhr 2010-Konzerte, Eröffnung der RUHR 2010 in der Bochumer Zeche sowie Verabschiedungsfeier der RUHR 2010 im Dortmunder U, Vertretung des Auswärtigen Amtes auf dem „Music on Water“ &#8211; Festival in Istanbul im Rahmen der RUHR 2010, Bochumer Salonorchester / Chorakademie Dortmund: Aufführungen der Kinderoper „Brundibár“, Weihnachtskonzerte der Neuen Philharmonie Westfalen 2013 und 2016, Literaturabende mit der Schauspielerin Marina Mathias, der Schauspielerin Silvia Munzón Lopéz, der Schauspielerin Ute Maria Lerner, Märchenprojekte, Filmmusik, Studioaufnahmen, Kinderkonzerte,…</p>



<p></p>



<p>Akku, Abstatt, Auswärtiges Amt: &#8222;Europe on Water&#8220; &#8211; Festival, Istanbul, Arnold-Freymuth-Gesellschaft e. V., „Autonome Musical de Nîmes“, Frankreich, Birschelmühle, Hattingen, Bochumer Kulturrat, Chorakademie Dortmund, DEW21, Domicil, Dortmund, Dortmunder DEW21 Museumsnacht, Dortmunder Mommenta, Drahtsaitenakt Barendorf, Dt.-Finn.-Gesellschaft Bochum-Witten, Dt.-Finn.-Gesellschaft NRW, Dunavska Saletla-Festival in Novi Sad/ Serbien, Düsseldorfer Tanzhaus, mit Mechthild Großmann, Emil-Schumacher-Museum, Hagen, Eröffnung der RUHR2010 zusammen mit dem East West European Jazz Orchestra in Essen, Evangelische Jakobuskirche Breckerfeld, Fachhochschule Südwestfalen, FEZ, Witten, Friedensfest der Stadt Dortmund, Gemeinschaftskrankenhaus Herdecke, Gitarrenmusik im Torhaus, Dortmund, Gustav-Lübke-Museum, Hamm, Haus Opherdicke, Holzwickede, Haus Witten, Witten, Hellweg Festival Hamm, Industrieclub Dortmund, Jazzfestival Hamm, Jazz im Stadion, Dortmund, Kammermusik auf dem Dinkelberg, Katholische Kirche Schalksmühle, Kirche Wiblingwerde, Klangvokal, Dortmund, Klassiksommer Hamm, Konzerthaus, Dortmund, Krimidinner mit Gabriella Wollenhaupt im RWE-Tower, Dortmund, Kultursommer Arnsberg, Kultursommer Witten, Künstlerzeche Fritz, Literaturfestival Rheinlesen, Köln, Literaturkonzert mit Fritz Eckenga, Musik im Amtshaus, Dortmund, Musik im Revier, Gelsenkirchen, musik:landschaft westfalen, m:ut Symposium, Neue Philharmonie Westfalen, OLG Hamm, Pauluskirche, Dortmund, Rotary-Club, Ruhrfestspielhaus, Recklinghausen, Salonorchester Bochum, Stadt Bergkamen, Stadt Dortmund, Stadt Hamm, Stadt Kamen, Stadthalle Unna, Stadtkirche Elbersfeld, Wuppertal, Stadtmuseum Bergkamen, Soundstation, Bahnhof Köln, Tangofestival &#8222;Tango de la Luna&#8220;, Tango-Festivalito Flottmannhallen, Herne, Tangosalon Herne, Theater Krefeld, Theater Marl, Umrahmung Robert-Jacobsen-Kunstpreis, Würthstiftung Berlin, Universität Münster, Verabschiedung der RUHR2010 im Dortmunder &#8222;U&#8220;, Verleihung des Dortmunder Wirtschaftspreises, Zeche Nachtigall Witten, Zeche Zollern, Dortmund, Zeltfestival, Borken</p>



<p>&nbsp;</p>

<p>Eine große Liebe zum warmen, erdigen Gitarrenklang und ein perlender, klarer Sound zeichnen mein Gitarrenspiel aus. Offen für die reichen Einflüsse um mich herum verbinden sich in meiner Musik meine klassischen Wurzeln mit dem breiten Feld der akustischen Musik. Das Herzstück meiner Musik ist das gemeinsame Musizieren mit anderen Menschen, feste Duo- und Trioprojekte, in &hellip; <a href="https://www.sandrawilhelms.de/?page_id=34" class="more-link"><span class="screen-reader-text">ABOUT</span> weiterlesen</a></p>
