{"id":48,"date":"2017-04-25T16:40:14","date_gmt":"2017-04-25T16:40:14","guid":{"rendered":"http:\/\/preview.sandrawilhelms.de\/?page_id=48"},"modified":"2025-07-31T07:20:15","modified_gmt":"2025-07-31T07:20:15","slug":"duo-aciano","status":"publish","type":"page","link":"https:\/\/www.sandrawilhelms.de\/?page_id=48","title":{"rendered":"DUO ACIANO"},"content":{"rendered":"\n<p><strong>Neues Video auf youtube!<\/strong><\/p>\n\n\n\n<p><a href=\"https:\/\/www.youtube.com\/watch?v=71F7G1dvzrs\" data-type=\"link\" data-id=\"https:\/\/www.youtube.com\/watch?v=71F7G1dvzrs\" target=\"_blank\" rel=\"noreferrer noopener\">Duo Aciano plays Metallica &#8211; Nothing Else Matters<\/a><\/p>\n\n\n\n<p>Wenn Geige und Gitarre zu ihrem musikalischen Dialog ansetzen, bleibt keine Seite der menschlichen Emotionen unber\u00fchrt!<\/p>\n\n\n\n<p>Ob in kleinen Salons vor f\u00fcnfzig Zuh\u00f6rern oder auf gro\u00dfen B\u00fchnen vor 3000 Menschen, von -1\u00b0C zur Er\u00f6ffnung der Kulturhauptstadt Ruhr 2010 bis 39\u00b0C im Schatten open air auf dem Taksim Platz in Istanbul, sowohl traditionell klassisch als auch kreativ modern &#8211; dieses Duo scheut keine Extreme!<\/p>\n\n\n\n<p>Seit dem Jahr 2006 treten Freya Deiting und Sandra Wilhelms, beide studierte Musikerinnen, zusammen auf.<\/p>\n\n\n\n<p>In ihrem Duo Aciano vereinen sie hohes klassisches Spielniveau mit einer emotionalen Intensit\u00e4t, die ihre Zuh\u00f6rer direkt an den Geschichten aus verschiedenen L\u00e4ndern und Zeiten teilhaben l\u00e4sst. <\/p>\n\n\n\n<p>Das Herzst\u00fcck ihres Repertoires bilden eigene Arrangements verschiedenster Genres  von Filmmusik \u00fcber Pop, Rock, Heavy Metal bis hin zu Bossa Nova und Tango Nuevo.<\/p>\n\n\n\n<p>\u201eAciano\u201c \u2013 das spanische Wort f\u00fcr \u201eKornblume\u201c \u2013 weist aber auch auf eine andere Qualit\u00e4t des Duos hin: die sogenannte \u201eblaue Blume\u201c galt in der Romantik als Symbol der Nat\u00fcrlichkeit und der Sehnsucht nach der Ferne. So finden sich im Repertoire der Musikerinnen auch St\u00fccke aus dem Bereich der World Music: mit brasilianischen Choros, irischen Tunes und osteurop\u00e4ischem Klezmer zeigen Sandra Wilhelms und Freya Deiting, dass sie weit \u00fcber ihre klassischen Wurzeln hinaus bewandert sind.<\/p>\n\n\n\n<p>Ihre ansteckende Spielfreude und die Vielseitigkeit des Repertoires spricht eine bunte Zuh\u00f6rerschaft an \u2013 vom Klassikliebhaber \u00fcber Freunde der \u201eAcoustic Music\u201c bis hin zum interessierten Laien.<\/p>\n\n\n\n<p>Auf ihrer ersten CD \u00a1Dos! pr\u00e4sentieren sie stimmungsvolle Werke aus Spanien und S\u00fcdamerika. Ihre zweite CD Luz y Sombra (2015) widmet sich ganz dem Tango in seinen alten und neuen Formen.<\/p>\n\n\n\n<p>Mit ihrer seltenen Klangkombination spielen die beiden Musikerinnen europaweit in Kammermusikreihen und auf Festivals:<\/p>\n\n\n\n<p>Er\u00f6ffnung der Kulturhauptstadt 2010 in Essen und ihre Verabschiedung im Dortmunder &#8222;U&#8220;, Klassiksommer Hamm, Kammermusik auf dem Dinkelberg, Gitarrenmusik im Torhaus\/Dortmund, &#8222;musik:landschaft westfalen&#8220;, als Vertretung des Ausw\u00e4rtigen Amtes in Istanbul beim &#8222;Europe on Water&#8220; &#8211; Festival, Dunavska Saletla-Festival in Novi Sad\/ Serbien, Klassiksommer Hamm, Museumsnacht Dortmund, Dortmunder Mommenta, um nur einige Auftrittsorte zu nennen.<\/p>\n\n\n\n<p><a href=\"https:\/\/www.youtube.com\/@TheDuoAciano\" data-type=\"link\" data-id=\"https:\/\/www.youtube.com\/@TheDuoAciano\" target=\"_blank\" rel=\"noreferrer noopener\"><strong>Weitere Videos auf unserer youtube-Seite!<\/strong><\/a><\/p>\n\n\n\n<p><a href=\"http:\/\/www.duoaciano.de\">http:\/\/www.duoaciano.de<\/a><\/p>\n\n\n\n<figure class=\"wp-block-gallery has-nested-images columns-default is-cropped wp-block-gallery-1 is-layout-flex wp-block-gallery-is-layout-flex\">\n<figure class=\"wp-block-image size-large\"><img loading=\"lazy\" decoding=\"async\" width=\"1024\" height=\"384\" data-id=\"975\" src=\"https:\/\/www.sandrawilhelms.de\/wp-content\/uploads\/2023\/02\/Duo-Aciano-Essenz-30-1024x384.jpg\" alt=\"\" class=\"wp-image-975\" srcset=\"https:\/\/www.sandrawilhelms.de\/wp-content\/uploads\/2023\/02\/Duo-Aciano-Essenz-30-1024x384.jpg 1024w, https:\/\/www.sandrawilhelms.de\/wp-content\/uploads\/2023\/02\/Duo-Aciano-Essenz-30-300x113.jpg 300w, https:\/\/www.sandrawilhelms.de\/wp-content\/uploads\/2023\/02\/Duo-Aciano-Essenz-30-768x288.jpg 768w, https:\/\/www.sandrawilhelms.de\/wp-content\/uploads\/2023\/02\/Duo-Aciano-Essenz-30-1536x576.jpg 1536w, https:\/\/www.sandrawilhelms.de\/wp-content\/uploads\/2023\/02\/Duo-Aciano-Essenz-30-2048x768.jpg 2048w\" sizes=\"auto, (max-width: 1024px) 100vw, 1024px\" \/><\/figure>\n<\/figure>\n\n\n\n<p><\/p>\n","protected":false},"excerpt":{"rendered":"<p>Neues Video auf youtube! Duo Aciano plays Metallica &#8211; Nothing Else Matters Wenn Geige und Gitarre zu ihrem musikalischen Dialog ansetzen, bleibt keine Seite der menschlichen Emotionen unber\u00fchrt! Ob in kleinen Salons vor f\u00fcnfzig Zuh\u00f6rern oder auf gro\u00dfen B\u00fchnen vor 3000 Menschen, von -1\u00b0C zur Er\u00f6ffnung der Kulturhauptstadt Ruhr 2010 bis 39\u00b0C im Schatten open &hellip; <a href=\"https:\/\/www.sandrawilhelms.de\/?page_id=48\" class=\"more-link\"><span class=\"screen-reader-text\">DUO ACIANO<\/span> weiterlesen<\/a><\/p>\n","protected":false},"author":1,"featured_media":0,"parent":0,"menu_order":0,"comment_status":"closed","ping_status":"closed","template":"","meta":{"footnotes":""},"class_list":["post-48","page","type-page","status-publish","hentry"],"_links":{"self":[{"href":"https:\/\/www.sandrawilhelms.de\/index.php?rest_route=\/wp\/v2\/pages\/48","targetHints":{"allow":["GET"]}}],"collection":[{"href":"https:\/\/www.sandrawilhelms.de\/index.php?rest_route=\/wp\/v2\/pages"}],"about":[{"href":"https:\/\/www.sandrawilhelms.de\/index.php?rest_route=\/wp\/v2\/types\/page"}],"author":[{"embeddable":true,"href":"https:\/\/www.sandrawilhelms.de\/index.php?rest_route=\/wp\/v2\/users\/1"}],"replies":[{"embeddable":true,"href":"https:\/\/www.sandrawilhelms.de\/index.php?rest_route=%2Fwp%2Fv2%2Fcomments&post=48"}],"version-history":[{"count":31,"href":"https:\/\/www.sandrawilhelms.de\/index.php?rest_route=\/wp\/v2\/pages\/48\/revisions"}],"predecessor-version":[{"id":1283,"href":"https:\/\/www.sandrawilhelms.de\/index.php?rest_route=\/wp\/v2\/pages\/48\/revisions\/1283"}],"wp:attachment":[{"href":"https:\/\/www.sandrawilhelms.de\/index.php?rest_route=%2Fwp%2Fv2%2Fmedia&parent=48"}],"curies":[{"name":"wp","href":"https:\/\/api.w.org\/{rel}","templated":true}]}}